 and z?
15
Let h be ((-4)/5)/(2/(-5)). Suppose h*u - 90 = -4*d, 0 = -4*u - 0*u + 4. Calculate the highest common divisor of 2 and d.
2
Let w(k) = -k**2 + 6*k + 2. Suppose -5*q = 5*d, 5*d + 4 = -2*q - 5. Let c be w(q). Calculate the highest common factor of c and 11.
11
Let z(p) = -p**3 - 2*p**2 - 2*p - 3. Let m be z(-3). Calculate the highest common factor of m and 96.
12
Suppose -5*b + 22 + 118 = 0. What is the greatest common divisor of b and 14?
14
Let g be (-7)/3 + 1/3. Let f(u) = 7*u**2 + 3*u. Let z be f(g). Suppose 3*k + 3*a - 102 = -0*a, k = 5*a + 28. Calculate the highest common divisor of k and z.
11
Let c(b) = -b - 10. Let p be c(-13). Suppose -5*v - y = -2*y - 49, -2*v + 2 = 4*y. Calculate the greatest common factor of v and p.
3
Let f be (572/(-154))/(2/(-14)). What is the greatest common divisor of f and 13?
13
Suppose -26 = 2*n + 44. Let c = 53 - n. Calculate the highest common divisor of c and 22.
22
Let q be 20 + (3 - (-1 + 4)). Let z = 12 - q. Let l be 22/z*(-1 + -3). Calculate the highest common divisor of l and 44.
11
Suppose -15 = -4*h + 13. Suppose 4*w = -4*x + 496, -w + 2*x + 140 = h*x. Let a = w + -57. Calculate the greatest common factor of a and 21.
21
Suppose 0*s - 35 = -5*s. Calculate the greatest common divisor of s and 56.
7
Let u(y) = -2*y - 271. Let c = -10 - -6. Let o(k) = -k - 136. Let b(n) = c*u(n) + 7*o(n). Let a be b(0). Calculate the highest common factor of a and 12.
12
Let m(b) = -2*b + 8. Let z be m(-8). Calculate the highest common factor of 36 and z.
12
Suppose t = -2*t. Suppose 0*o - 2*o + 40 = t. What is the highest common factor of o and 180?
20
Let u(q) = -13*q + 3. Let h be u(-4). Suppose 66 = 4*y + 2*y. Calculate the highest common divisor of h and y.
11
Suppose 3*s - s - 10 = 0, -5*g + 370 = 4*s. Calculate the highest common divisor of g and 28.
14
Let d(q) be the second derivative of 2*q + 0 + 21/2*q**2 - 1/6*q**3 + 1/12*q**4. Let f be d(0). Calculate the greatest common divisor of f and 7.
7
Let j(q) = -q**3 + 16*q**2 + q - 31. Let d be j(15). Calculate the highest common factor of 19 and d.
19
Suppose 25 = -5*q, 3*g - 3*q = 107 - 11. Let d(b) = 3*b + 10 - 10. Let k be d(3). What is the highest common factor of g and k?
9
Let n be (-5 + 17/(-2))*-2. What is the greatest common factor of n and 18?
9
Let d = -131 - -275. What is the greatest common factor of d and 16?
16
Let r be -1*(-1)/((-4)/88). Suppose -3 = -f - 2. Let p be ((-15)/6)/(f/r). What is the greatest common divisor of 11 and p?
11
Let t = -21 + 29. What is the highest common factor of t and 56?
8
Suppose -3*c - x = -3*x - 2, -x = -4*c + 6. Let f be (5 - -14) + (1 - c). Calculate the greatest common factor of f and 126.
18
Let u be (2 + 4)*(-3)/(-2). Calculate the greatest common divisor of u and 9.
9
Let j = 107 - 74. What is the greatest common divisor of 3 and j?
3
Suppose 2*h - 5*n = 43, 0*h + 47 = 4*h + 3*n. What is the greatest common divisor of h and 2?
2
Let l = 32 + -29. Calculate the greatest common divisor of l and 21.
3
Let r = 52 - 51. What is the highest common factor of r and 1?
1
Let w = 1 + 0. Let n = w + 5. Calculate the highest common divisor of 4 and n.
2
Suppose 3*q - 21 = c, q - 36 = -2*q - 4*c. What is the highest common divisor of 1 and q?
1
Suppose 252 = 8*c - c. Calculate the highest common factor of 9 and c.
9
Suppose 4*b - 211 = -z - 26, 2*z = 5*b - 228. What is the greatest common divisor of 230 and b?
46
Let w(y) = -y**3 + 6*y**2 - 3*y - 7. Let u be w(5). Suppose 0 = -2*z + u*h + 57, 2*h + 35 + 38 = 3*z. Calculate the highest common divisor of 21 and z.
21
Suppose 3*s + 3*s - 36 = 0. Calculate the highest common divisor of s and 6.
6
Let g = -77 + 117. Suppose 0 = 2*v - 3*v + 60. Calculate the greatest common factor of v and g.
20
Suppose 0 = 5*s + 3*p - 1151, -s + 4*p + 226 = 6*p. What is the highest common divisor of s and 29?
29
Suppose 5*s + 0*x + 2*x = 272, x - 55 = -s. Calculate the greatest common factor of s and 6.
6
Suppose 121 = 16*f - 5*f. What is the highest common factor of 55 and f?
11
Suppose 3*y = -2*y + 30. Let g = y - -2. What is the highest common divisor of g and 4?
4
Let z(r) = 3*r**2 - r + 3. Let d be z(-2). What is the highest common factor of 51 and d?
17
Suppose 6 = -9*l + 51. Calculate the highest common divisor of 55 and l.
5
Let d be (2*3)/(0 + 2). Let u be 2 + (10/5 - 3). What is the greatest common divisor of d and u?
1
Suppose -3*u - 4 = -16. Suppose 2*f - u*f + 88 = 0. Let l = f - 14. What is the highest common factor of 20 and l?
10
Let s be ((-14)/6)/((-5)/180). Suppose -3*v - 21 = -6*v. Let h = v - -5. What is the greatest common factor of s and h?
12
Let p(c) = -c**3 + 9*c**2 - 9*c + 10. Let f be p(8). Suppose 6 = f*x - 2*u, 3*x + 5*u - 37 = -12. What is the greatest common divisor of 35 and x?
5
Let p be 4/(-22) + (-6520)/(-44) + 5. Calculate the greatest common divisor of 17 and p.
17
Let k(v) = -v**2 - 5*v + 2. Let j be -2 - (6 + -2 - 2). Let t be k(j). Let i = t + 5. Calculate the greatest common divisor of 121 and i.
11
Let a(j) be the first derivative of -1/4*j**4 + 6*j - 1 + 8/3*j**3 - 4*j**2. Let x be a(6). Calculate the highest common divisor of 12 and x.
6
Suppose 30 = -22*o + 24*o. Suppose 5*f + 2*x - 18 = 2, 5*x = 0. Let v be f/(12/o)*3. What is the highest common divisor of v and 45?
15
Suppose -3*d = -m - 11, m + 17 = 3*d + 2*d. Calculate the highest common divisor of d and 12.
3
Suppose a + 5*f = -2*a + 3, -3*f = -a - 13. Let w be (-2)/a*-13*-2. What is the highest common factor of w and 91?
13
Let d = 8 - 13. Let z be (-2 - d/(-4))*-16. Calculate the greatest common factor of 13 and z.
13
Let u = 14 - -25. Calculate the highest common divisor of u and 13.
13
Suppose 8 = 2*z - 0*z. Let b be ((-6)/5)/(2/(-10)). Suppose -b*h = -5*h - 12. Calculate the greatest common factor of z and h.
4
Let y = 3 + 5. Suppose 11 = 3*b - 4. Suppose -5*h - 3*l = -366, -2*l + 222 = -b*h + 578. What is the highest common factor of y and h?
8
Let i be (-1 - 5)*2/(-2). Let q be -10*1*(-3)/i. What is the greatest common factor of 1 and q?
1
Suppose 20*i - 12 = 14*i. Let z = 10 + 4. What is the highest common factor of i and z?
2
Let p(y) = -y**2 - 12*y + 8. Suppose 4*u + n + 37 = u, u - 5*n = -7. Let s be p(u). Calculate the highest common divisor of 40 and s.
8
Suppose 0 = -5*j - 5*g + g + 200, 4*g - 20 = 0. Suppose -j = -5*n + 64. Suppose 4*z - n + 8 = 0. What is the highest common divisor of z and 21?
3
Suppose 12*x - 7*x = 660. Let d = -17 + 29. What is the highest common factor of d and x?
12
Suppose -3*y + 0*y = -18. Let q(p) = -4*p - 4. Let s be q(-6). Suppose -s = -3*o + 16. What is the greatest common divisor of y and o?
6
Let l = 9 - 2. What is the greatest common factor of 28 and l?
7
Let h be 144*(0 - 2/(-4)). What is the highest common divisor of 18 and h?
18
Let o be 34/3 - (-2)/3. Suppose -o = -y - 2. Calculate the highest common divisor of y and 10.
10
Let p(x) = -36*x - 5. Let o be p(5). Let d = o - -328. What is the greatest common factor of d and 13?
13
Let r(a) = a**3 + a + 55. Let k be r(0). Suppose -2*s = 3*s - 55. Calculate the highest common factor of s and k.
11
Let p be (-1 + -3*3/9)*-8. Calculate the highest common factor of p and 144.
16
Let w be 2*-10*(0 - 3). Let z(y) = -2*y + y + 4*y + 3. Let k be z(3). Calculate the highest common factor of w and k.
12
Suppose 0 = 5*b - b - 20. Suppose -b*k + 0*k = -50. Calculate the greatest common divisor of k and 10.
10
Suppose -44 = 4*l - 8. Let k = -6 - l. What is the greatest common divisor of 33 and k?
3
Suppose 0 = 20*d - 22*d + 20. Calculate the highest common factor of d and 2.
2
Suppose -n - 18 = -3*n. Suppose 27 = -i + 4*i. What is the highest common divisor of n and i?
9
Let x = 4 + -4. Let a be (3 - x)/((-2)/(-14)). What is the highest common factor of 3 and a?
3
Let z be 9/3 - 6 - -5. Suppose -j = -z*o - 0*j + 37, 0 = 2*o - 5*j - 57. Calculate the highest common divisor of o and 40.
8
Suppose -3*l - 31 = -115. Suppose -1696 = -3*m - m. Let r be m/6 + 8/(-12). What is the greatest common factor of l and r?
14
Suppose -1 = 4*l - 5. Let o(h) = -1 - 7*h**3 + 14*h + 20*h**3 - 13*h. Let r be o(l). Calculate the greatest common divisor of r and 13.
13
Let n(j) = j**3 + 10*j**2 - 11*j + 2. Let l be n